[INFO] fetching crate lando 0.2.1...
[INFO] checking lando-0.2.1 against try#72f88fc4e9458f89516a0b8b0868f3718aec5b47 for pr-74989
[INFO] extracting crate lando 0.2.1 into /workspace/builds/worker-4/source
[INFO] validating manifest of crates.io crate lando 0.2.1 on toolchain 72f88fc4e9458f89516a0b8b0868f3718aec5b47
[INFO] running `Command { std: "/workspace/cargo-home/bin/cargo" "+72f88fc4e9458f89516a0b8b0868f3718aec5b47" "read-manifest" "--manifest-path" "Cargo.toml", kill_on_drop: false }`
[INFO] started tweaking crates.io crate lando 0.2.1
[INFO] finished tweaking crates.io crate lando 0.2.1
[INFO] tweaked toml for crates.io crate lando 0.2.1 written to /workspace/builds/worker-4/source/Cargo.toml
[INFO] running `Command { std: "/workspace/cargo-home/bin/cargo" "+72f88fc4e9458f89516a0b8b0868f3718aec5b47" "generate-lockfile" "--manifest-path" "Cargo.toml" "-Zno-index-update", kill_on_drop: false }`
[INFO] running `Command { std: "/workspace/cargo-home/bin/cargo" "+72f88fc4e9458f89516a0b8b0868f3718aec5b47" "fetch" "--locked" "--manifest-path" "Cargo.toml", kill_on_drop: false }`
[INFO] [stderr]     Blocking waiting for file lock on package cache
[INFO] [stderr]  Downloading crates ...
[INFO] [stderr]   Downloaded cpython-json v0.2.0
[INFO] [stderr]   Downloaded lando-attr v0.2.1
[INFO] [stderr]   Downloaded crowbar v0.2.0
[INFO] running `Command { std: "docker" "create" "-v" "/var/lib/crater-agent-workspace/builds/worker-4/target:/opt/rustwide/target:rw,Z" "-v" "/var/lib/crater-agent-workspace/builds/worker-4/source:/opt/rustwide/workdir:ro,Z" "-v" "/var/lib/crater-agent-workspace/cargo-home:/opt/rustwide/cargo-home:ro,Z" "-v" "/var/lib/crater-agent-workspace/rustup-home:/opt/rustwide/rustup-home:ro,Z" "-e" "SOURCE_DIR=/opt/rustwide/workdir" "-e" "CARGO_TARGET_DIR=/opt/rustwide/target" "-e" "CARGO_HOME=/opt/rustwide/cargo-home" "-e" "RUSTUP_HOME=/opt/rustwide/rustup-home" "-w" "/opt/rustwide/workdir" "-m" "1610612736" "--user" "0:0" "--network" "none" "rustops/crates-build-env@sha256:d92eaeed33fa75130ca1ee6c8a01d1ffb62bac859dfdfb3450e3e5d1c0146529" "/opt/rustwide/cargo-home/bin/cargo" "+72f88fc4e9458f89516a0b8b0868f3718aec5b47" "metadata" "--no-deps" "--format-version=1", kill_on_drop: false }`
[INFO] [stderr] WARNING: Your kernel does not support swap limit capabilities or the cgroup is not mounted. Memory limited without swap.
[INFO] [stdout] 33c31fd5869a9bd522bf83dd096e7e495df4e4e32621da8827b83bd5ecf97a03
[INFO] running `Command { std: "docker" "start" "-a" "33c31fd5869a9bd522bf83dd096e7e495df4e4e32621da8827b83bd5ecf97a03", kill_on_drop: false }`
[INFO] running `Command { std: "docker" "inspect" "33c31fd5869a9bd522bf83dd096e7e495df4e4e32621da8827b83bd5ecf97a03", kill_on_drop: false }`
[INFO] running `Command { std: "docker" "rm" "-f" "33c31fd5869a9bd522bf83dd096e7e495df4e4e32621da8827b83bd5ecf97a03", kill_on_drop: false }`
[INFO] [stdout] 33c31fd5869a9bd522bf83dd096e7e495df4e4e32621da8827b83bd5ecf97a03
[INFO] running `Command { std: "docker" "create" "-v" "/var/lib/crater-agent-workspace/builds/worker-4/target:/opt/rustwide/target:rw,Z" "-v" "/var/lib/crater-agent-workspace/builds/worker-4/source:/opt/rustwide/workdir:ro,Z" "-v" "/var/lib/crater-agent-workspace/cargo-home:/opt/rustwide/cargo-home:ro,Z" "-v" "/var/lib/crater-agent-workspace/rustup-home:/opt/rustwide/rustup-home:ro,Z" "-e" "SOURCE_DIR=/opt/rustwide/workdir" "-e" "CARGO_TARGET_DIR=/opt/rustwide/target" "-e" "CARGO_INCREMENTAL=0" "-e" "RUST_BACKTRACE=full" "-e" "RUSTFLAGS=--cap-lints=forbid" "-e" "CARGO_HOME=/opt/rustwide/cargo-home" "-e" "RUSTUP_HOME=/opt/rustwide/rustup-home" "-w" "/opt/rustwide/workdir" "-m" "1610612736" "--user" "0:0" "--network" "none" "rustops/crates-build-env@sha256:d92eaeed33fa75130ca1ee6c8a01d1ffb62bac859dfdfb3450e3e5d1c0146529" "/opt/rustwide/cargo-home/bin/cargo" "+72f88fc4e9458f89516a0b8b0868f3718aec5b47" "check" "--frozen" "--all" "--all-targets" "--message-format=json", kill_on_drop: false }`
[INFO] [stderr] WARNING: Your kernel does not support swap limit capabilities or the cgroup is not mounted. Memory limited without swap.
[INFO] [stdout] ad8d694a9f5569e1bb94926764753a5f381a96f221ac000600532019f8b2255a
[INFO] running `Command { std: "docker" "start" "-a" "ad8d694a9f5569e1bb94926764753a5f381a96f221ac000600532019f8b2255a", kill_on_drop: false }`
[INFO] [stderr]    Compiling syn v1.0.40
[INFO] [stderr]     Checking itoa v0.4.6
[INFO] [stderr]    Compiling byteorder v1.3.4
[INFO] [stderr]    Compiling proc-macro2 v0.4.30
[INFO] [stderr]     Checking tinyvec v0.3.4
[INFO] [stderr]     Checking matches v0.1.8
[INFO] [stderr]    Compiling cpython v0.1.0
[INFO] [stderr]    Compiling unicode-xid v0.1.0
[INFO] [stderr]     Checking gimli v0.22.0
[INFO] [stderr]    Compiling syn v0.15.44
[INFO] [stderr]    Compiling failure_derive v0.1.8
[INFO] [stderr]     Checking adler v0.2.3
[INFO] [stderr]     Checking object v0.20.0
[INFO] [stderr]     Checking quick-error v1.2.3
[INFO] [stderr]     Checking percent-encoding v1.0.1
[INFO] [stderr]    Compiling proc-macro-hack v0.5.18
[INFO] [stderr]     Checking rustc-demangle v0.1.16
[INFO] [stderr]     Checking dtoa v0.4.6
[INFO] [stderr]     Checking fnv v1.0.7
[INFO] [stderr]    Compiling num-traits v0.2.12
[INFO] [stderr]     Checking unicode-bidi v0.3.4
[INFO] [stderr]     Checking miniz_oxide v0.4.1
[INFO] [stderr]     Checking pretty_assertions v0.5.1
[INFO] [stderr]     Checking unicode-normalization v0.1.13
[INFO] [stderr]    Compiling memchr v0.1.11
[INFO] [stderr]     Checking iovec v0.1.4
[INFO] [stderr]     Checking serde_json v1.0.57
[INFO] [stderr]    Compiling thread-id v2.0.0
[INFO] [stderr]    Compiling thread_local v0.2.7
[INFO] [stderr]    Compiling aho-corasick v0.5.3
[INFO] [stderr]    Compiling quote v0.6.13
[INFO] [stderr]     Checking bytes v0.4.12
[INFO] [stderr]     Checking base64 v0.10.1
[INFO] [stderr]    Compiling regex v0.1.80
[INFO] [stderr]    Compiling paste-impl v0.1.18
[INFO] [stderr]     Checking http v0.1.21
[INFO] [stderr]     Checking idna v0.1.5
[INFO] [stderr]     Checking paste v0.1.18
[INFO] [stderr]     Checking num-traits v0.1.43
[INFO] [stderr]     Checking url v1.7.2
[INFO] [stderr]     Checking serde_urlencoded v0.5.5
[INFO] [stderr]    Compiling python3-sys v0.1.3
[INFO] [stderr]     Checking addr2line v0.13.0
[INFO] [stderr]    Compiling synstructure v0.12.4
[INFO] [stderr]     Checking backtrace v0.3.50
[INFO] [stdout] error[E0425]: cannot find function, tuple struct or tuple variant `PyEval_ThreadsInitialized` in crate `ffi`
[INFO] [stdout]   --> /opt/rustwide/cargo-home/registry/src/github.com-1ecc6299db9ec823/cpython-0.1.0/src/pythonrun.rs:55:26
[INFO] [stdout]    |
[INFO] [stdout] 55 |             assert!(ffi::PyEval_ThreadsInitialized() != 0);
[INFO] [stdout]    |                          ^^^^^^^^^^^^^^^^^^^^^^^^^ not found in `ffi`
[INFO] [stdout] 
[INFO] [stdout] 
[INFO] [stdout] error[E0425]: cannot find function, tuple struct or tuple variant `PyEval_ThreadsInitialized` in crate `ffi`
[INFO] [stdout]   --> /opt/rustwide/cargo-home/registry/src/github.com-1ecc6299db9ec823/cpython-0.1.0/src/pythonrun.rs:58:26
[INFO] [stdout]    |
[INFO] [stdout] 58 |             assert!(ffi::PyEval_ThreadsInitialized() == 0);
[INFO] [stdout]    |                          ^^^^^^^^^^^^^^^^^^^^^^^^^ not found in `ffi`
[INFO] [stdout] 
[INFO] [stdout] 
[INFO] [stdout] error[E0425]: cannot find function, tuple struct or tuple variant `PyEval_InitThreads` in crate `ffi`
[INFO] [stdout]   --> /opt/rustwide/cargo-home/registry/src/github.com-1ecc6299db9ec823/cpython-0.1.0/src/pythonrun.rs:65:18
[INFO] [stdout]    |
[INFO] [stdout] 65 |             ffi::PyEval_InitThreads();
[INFO] [stdout]    |                  ^^^^^^^^^^^^^^^^^^ help: a function with a similar name exists: `PyEval_SaveThread`
[INFO] [stdout]    | 
[INFO] [stdout]   ::: /opt/rustwide/cargo-home/registry/src/github.com-1ecc6299db9ec823/python3-sys-0.1.3/src/ceval.rs:49:5
[INFO] [stdout]    |
[INFO] [stdout] 49 |     pub fn PyEval_SaveThread() -> *mut PyThreadState;
[INFO] [stdout]    |     ------------------------------------------------- similarly named function `PyEval_SaveThread` defined here
[INFO] [stdout] 
[INFO] [stdout] 
[INFO] [stdout] error[E0425]: cannot find function, tuple struct or tuple variant `PyEval_InitThreads` in crate `ffi`
[INFO] [stdout]    --> /opt/rustwide/cargo-home/registry/src/github.com-1ecc6299db9ec823/cpython-0.1.0/src/lib.rs:333:10
[INFO] [stdout]     |
[INFO] [stdout] 333 |     ffi::PyEval_InitThreads();
[INFO] [stdout]     |          ^^^^^^^^^^^^^^^^^^ help: a function with a similar name exists: `PyEval_SaveThread`
[INFO] [stdout]     | 
[INFO] [stdout]    ::: /opt/rustwide/cargo-home/registry/src/github.com-1ecc6299db9ec823/python3-sys-0.1.3/src/ceval.rs:49:5
[INFO] [stdout]     |
[INFO] [stdout] 49  |     pub fn PyEval_SaveThread() -> *mut PyThreadState;
[INFO] [stdout]     |     ------------------------------------------------- similarly named function `PyEval_SaveThread` defined here
[INFO] [stdout] 
[INFO] [stdout] 
[INFO] [stdout] error: aborting due to 4 previous errors
[INFO] [stdout] 
[INFO] [stdout] 
[INFO] [stdout] For more information about this error, try `rustc --explain E0425`.
[INFO] [stdout] 
[INFO] [stderr] error: could not compile `cpython`.
[INFO] [stderr] 
[INFO] [stderr] To learn more, run the command again with --verbose.
[INFO] [stderr] warning: build failed, waiting for other jobs to finish...
[INFO] [stderr] error: build failed
[INFO] running `Command { std: "docker" "inspect" "ad8d694a9f5569e1bb94926764753a5f381a96f221ac000600532019f8b2255a", kill_on_drop: false }`
[INFO] running `Command { std: "docker" "rm" "-f" "ad8d694a9f5569e1bb94926764753a5f381a96f221ac000600532019f8b2255a", kill_on_drop: false }`
[INFO] [stdout] ad8d694a9f5569e1bb94926764753a5f381a96f221ac000600532019f8b2255a
